 is -23a58 - 4?
-23a61
In base 13, what is 31 - 24c?
-21b
In base 13, what is -b79 - -c7?
-a82
In base 12, what is -171 + -6266?
-6417
In base 2, what is 1110 + -100111110111101110?
-100111110111100000
In base 8, what is 133615 - -1?
133616
In base 2, what is 1100000 - 10110110101?
-10101010101
In base 7, what is -65045 - 211?
-65256
In base 2, what is -10001010011110010101 + 1?
-10001010011110010100
In base 13, what is 672b + -32?
66c9
In base 4, what is 11013320 - -2?
11013322
In base 8, what is 3 - 2516?
-2513
In base 3, what is -2120 - 222?
-10112
In base 9, what is -1037 - 568?
-1616
In base 16, what is 0 - 3a2e?
-3a2e
In base 11, what is 2 + 42747?
42749
In base 15, what is -1c + -3d46?
-3d63
In base 16, what is 265e3 - -b?
265ee
In base 11, what is -4072 + -5?
-4077
In base 15, what is -b + -16a0?
-16ab
In base 8, what is 1637 - 1675?
-36
In base 8, what is 5 - -6272?
6277
In base 10, what is 516 - 11?
505
In base 14, what is -3 - -188789?
188786
In base 7, what is -5001 - -13?
-4655
In base 4, what is -2210 - 312003?
-320213
In base 12, what is 2b3a3 - -2?
2b3a5
In base 14, what is -8431 + -3?
-8434
In base 13, what is 35 - 33cc4?
-33c8c
In base 9, what is 10024 - -418?
10443
In base 7, what is -1425 + -46?
-1504
In base 6, what is -3 - -32234?
32231
In base 10, what is 1 - -141987?
141988
In base 14, what is -1324 - 9?
-132d
In base 13, what is 140 + -51?
bc
In base 5, what is 4 + -1022304?
-1022300
In base 4, what is -3111320031 + 2?
-3111320023
In base 5, what is -3 - -211431?
211423
In base 5, what is 1 + 24301000?
24301001
In base 16, what is -5d0 + 89?
-547
In base 8, what is 243 - -116?
361
In base 8, what is -1 - -1443717?
1443716
In base 12, what is -3 + 202a2?
2029b
In base 9, what is -2 + -378864?
-378866
In base 13, what is -6634 - -112?
-6522
In base 8, what is 6 + 62?
70
In base 7, what is -51263 + 0?
-51263
In base 4, what is -211301 + -20?
-211321
In base 7, what is -1006 - 1665?
-3004
In base 9, what is 6188 + -3?
6185
In base 10, what is 1337 + 567?
1904
In base 14, what is 12b + -110?
1b
In base 15, what is 90b + 2a9?
bb5
In base 8, what is -3 + 37173?
37170
In base 8, what is 15635 + 7?
15644
In base 8, what is 500 - -650?
1350
In base 5, what is 0 + 3432443?
3432443
In base 3, what is 10 + 2120211220?
2120212000
In base 7, what is 1 - -121233?
121234
In base 4, what is 1011 + -1201213?
-1200202
In base 14, what is -15 + 655?
640
In base 10, what is -2651766 + -3?
-2651769
In base 11, what is 34 - 10831?
-107a8
In base 2, what is -110 + 10100000111100010?
10100000111011100
In base 7, what is -324 + -152?
-506
In base 15, what is 0 + 125?
125
In base 2, what is -10101000000001 - 1?
-10101000000010
In base 12, what is -5 - 29a14?
-29a19
In base 12, what is 98b75 - -1?
98b76
In base 9, what is -3 + -15812?
-15815
In base 10, what is -1186252 - -3?
-1186249
In base 12, what is -532 - 110?
-642
In base 2, what is -1 - -10000001110011?
10000001110010
In base 14, what is 274b + -32?
2719
In base 8, what is 7622 + 461?
10303
In base 10, what is 2532 - 1350?
1182
In base 8, what is -1240361 - 4?
-1240365
In base 12, what is -17 + -6113?
-612a
In base 4, what is 12033 - 1?
12032
In base 16, what is -8a4 - -29?
-87b
In base 14, what is 0 - -10571?
10571
In base 7, what is 101214 - 3?
101211
In base 8, what is -141600 - 3?
-141603
In base 13, what is -101 + -12c89?
-1308a
In base 7, what is -26165 + -5?
-26203
In base 12, what is 1 + -137b1?
-137b0
In base 6, what is 454 - 345?
105
In base 11, what is -60 + -3aa?
-45a
In base 13, what is -21 - 196?
-1b7
In base 5, what is -1304404030 + 1?
-1304404024
In base 9, what is -17832 - 10?
-17842
In base 16, what is -16 + 1ce5a?
1ce44
In base 9, what is 0 + 170467?
170467
In base 14, what is 45107 + -1?
45106
In base 9, what is -43 - -365832?
365778
In base 16, what is 0 - 4953c?
-4953c
In base 10, what is 1449078 - -2?
1449080
In base 2, what is 10011010000010 - -1?
10011010000011
In base 4, what is -110320202 - 1?
-110320203
In base 5, what is 23422 - -32?
24004
In base 12, what is -7 + 25034?
25029
In base 13, what is -1c - -190c?
18c0
In base 14, what is -15 + -220?
-235
In base 6, what is 4 + 14041?
14045
In base 10, what is 127 + -31369?
-31242
In base 6, what is -4 + 1030555?
1030551
In base 2, what is -11 + -1110010011101?
-1110010100000
In base 11, what is 2532 - -34?
2566
In base 15, what is 503a + 15?
5050
In base 10, what is -153909 + 0?
-153909
In base 14, what is 31 - 10017?
-ddc6
In base 5, what is -1 - 42202000?
-42202001
In base 8, what is 10 - -614?
624
In base 7, what is 204050 + 112?
204162
In base 16, what is 15 + 1bb6?
1bcb
In base 9, what is 2 + -55507?
-55505
In base 14, what is -3 + 43d3b?
43d38
In base 2, what is -1 - 10110100110001010?
-10110100110001011
In base 13, what is -5 - b20?
-b25
In base 14, what is -61768 - 3?
-6176b
In base 11, what is -3a18a + -2?
-3a191
In base 5, what is 202324001 - 10?
202323441
In base 11, what is 401527 - -3?
40152a
In base 8, what is -14611 - 120?
-14731
In base 5, what is -3330121 - 200?
-3330321
In base 3, what is 20 - 22120111?
-22120021
In base 10, what is 2577 - 165?
2412
In base 13, what is 9 - 6554?
-6548
In base 13, what is -256613 - -3?
-256610
In base 5, what is -101 - 21324?
-21430
In base 3, what is -2202 - -2001122?
1221220
In base 3, what is 10022 - -220021?
1000120
In base 16, what is a6 + -65?
41
In base 9, what is 4 + 4082?
4086
In base 5, what is -4 + 1010111?
1010102
In base 6, what is 12 + -1004300?
-1004244
In base 13, what is -297 + 3?
-294
In base 3, what is 0 + 1222121100121?
1222121100121
In base 8, what is -3 + -40245?
-40250
In base 9, what is 1 - -4120?
4121
In base 8, what is -254 + -2521?
-2775
In base 12, what is -194 + 300b?
2a37
In base 2, what is 10 + 10000110001010101001?
10000110001010101011
In base 4, what is -10 - 2321101?
-2321111
In base 12, what is -59b + -225?
-804
In base 5, what is 1 + 22131301?
22131302
In base 14, what is 7 + -51bc2?
-51bb9
In base 8, what is -6060 - 1656?
-7736
In base 6, what is -120 + -4232?
-4352
In base 2, what is -1110011000111110011 + -101?
-1110011000111111000
In base 6, what is 1153532 - 1?
1153531
In base 8, what is -16775 - 54?
-17051
In base 8, what is -2 + -5502?
-5504
In base 6, what is 12342 - -5?
12351
In base 4, what is 302331 - -301?
303232
In base 12, what is 123 - -13426?
13549
In base 12, what is -3 + -12ba1?
-12ba4
In base 12, what is -2 - -28737b?
287379
In base 12, what is -a2 + 378?
296
In base 8, what is -746167 + -6?
-746175
In base 14, what is -2 + -16ac6?
-16ac8
In base 8, what is -3075 + 17?
-3056
In base 14, what is -46b + 218?
-253
In base 2, what is -101000111010000 + 0?
-101000111010000
In base 9, what is 311705 - 2?
311703
In base 11, what is 5 + 6571?
6576
In base 4, what is 310 + 33232?
100202
In base 9, what is 1213 + 1141?
2354
In base 10, what is 16 - 8670?
-8654
In base 16, what is 31d + 212?
52f
In base 11, what is -372 - -517?
155
In base 10, what is 10 + 42255?
42265
In base 3, what is -2001100 - 100110?
-2101210
In base 4, what is -3 - 211120320?
-211120323
In base 11, what is 1533 + -5?
1529
In base 15, what is -1621d + 5?
-16218
In base 3, what is 0 - -2112220201?
2112220201
In base 13, what is 52 - 4806?
-4784
In base 16, what is -1b58 - -7a?
-1ade
In base 10, what is 967 - -7308?
8275
In base 7, what is 222624 - -4?
222631
In base 9, what is 233531 + 0?
233531
In base 10, what is 106420 + 7?
106427
In base 15, what is -91127 - 2?
-91129
In base 14, what is 166c87 - 3?
166c84
In base 4, what is 11000211 - -3?
11000220
In base 2, what is -1000100110 - 1100000100?
-10100101010
In base 5, what is 4 - -332043?
332102
In base 14, what is -3354 + 1?
-3353
In base 15, what is 2 + 159?
15b
In base 2, what is 110000 + -1010010100?
-1001100100
In base 12, what is -7962 - -2?
-7960
In base 3, what is 1 + -111102000122?
-111102000121
In base 10, what is 717 + 1022?
1739
In base 4, what is 113113202 - -1?
113113203
In base 16, what is 1090 - 4?
108c
In base 13, what is 67 + -402?
-368
In base 7, what is 11163 + 13?
11206
In base 5, what is -30324103 + 3?
-30324100
In base 6, what is 102101 + 111?
102212
In base 15, what is 296 - -36?
2cc
In base 15, what is 858b - -10?
859b
In base 6, what is -4 + 200252?
200244
In base 10,